a factor of 2832?
True
Is 37 a factor of 26552?
False
Does 16 divide 1392?
True
Is 19 a factor of 831?
False
Is 15 a factor of 600?
True
Is 38902 a multiple of 39?
False
Is 3965 a multiple of 13?
True
Is 83 a factor of 9094?
False
Does 7 divide 385?
True
Is 39 a factor of 45574?
False
Does 62 divide 13788?
False
Does 58 divide 5452?
True
Does 5 divide 1689?
False
Does 7 divide 2211?
False
Is 60 a factor of 9900?
True
Does 19 divide 27113?
True
Is 13 a factor of 755?
False
Does 32 divide 1417?
False
Is 2623 a multiple of 61?
True
Is 465 a multiple of 15?
True
Does 38 divide 151126?
True
Is 9 a factor of 16227?
True
Does 27 divide 12234?
False
Is 74 a factor of 1896?
False
Is 2170 a multiple of 4?
False
Is 839 a multiple of 101?
False
Is 1914 a multiple of 29?
True
Does 67 divide 2144?
True
Is 23 a factor of 1356?
False
Does 7 divide 4158?
True
Is 26 a factor of 61594?
True
Does 13 divide 20111?
True
Is 34 a factor of 11299?
False
Does 64 divide 1408?
True
Is 37567 a multiple of 21?
False
Does 18 divide 86067?
False
Is 1209 a multiple of 7?
False
Is 17 a factor of 323?
True
Is 320 a factor of 2170?
False
Is 17052 a multiple of 12?
True
Is 25 a factor of 25675?
True
Does 4 divide 201?
False
Is 14 a factor of 980?
True
Is 312 a multiple of 39?
True
Is 48 a factor of 192?
True
Is 3840 a multiple of 128?
True
Is 42 a factor of 601?
False
Does 8 divide 495?
False
Is 11 a factor of 8859?
False
Is 15 a factor of 239?
False
Is 35 a factor of 12215?
True
Is 9 a factor of 2241?
True
Is 8294 a multiple of 13?
True
Does 55 divide 5362?
False
Does 80 divide 34240?
True
Is 371 a factor of 77168?
True
Is 7574 a multiple of 8?
False
Is 2128 a multiple of 19?
True
Is 5 a factor of 817?
False
Does 24 divide 1464?
True
Is 39403 a multiple of 13?
True
Does 105 divide 3641?
False
Is 19 a factor of 39354?
False
Is 127 a factor of 1778?
True
Does 33 divide 437?
False
Does 21 divide 8158?
False
Is 16632 a multiple of 168?
True
Does 54 divide 13942?
False
Is 900 a multiple of 45?
True
Does 14 divide 5502?
True
Is 343 a factor of 50764?
True
Does 6 divide 761?
False
Is 66 a factor of 64257?
False
Is 1028 a multiple of 18?
False
Does 75 divide 3988?
False
Is 48 a factor of 528?
True
Is 4419 a multiple of 31?
False
Is 5 a factor of 835?
True
Does 77 divide 3311?
True
Does 39 divide 2579?
False
Is 70356 a multiple of 39?
True
Is 51 a factor of 3771?
False
Is 1728 a multiple of 6?
True
Is 15045 a multiple of 5?
True
Does 299 divide 65889?
False
Does 14 divide 308?
True
Is 104 a factor of 3224?
True
Is 13 a factor of 69?
False
Is 7470 a multiple of 11?
False
Is 318 a factor of 66780?
True
Is 9583 a multiple of 10?
False
Is 50540 a multiple of 20?
True
Does 2 divide 2582?
True
Does 86 divide 1549?
False
Is 493 a multiple of 54?
False
Does 7 divide 1610?
True
Is 2155 a multiple of 16?
False
Is 14 a factor of 3407?
False
Does 55 divide 715?
True
Is 54378 a multiple of 19?
True
Is 41 a factor of 24319?
False
Does 61 divide 10675?
True
Is 21 a factor of 13040?
False
Is 22 a factor of 7394?
False
Is 12702 a multiple of 22?
False
Does 5 divide 1280?
True
Does 40 divide 4531?
False
Is 544 a multiple of 33?
False
Is 17280 a multiple of 20?
True
Does 9 divide 144?
True
Does 14 divide 836?
False
Does 33 divide 3288?
False
Is 11 a factor of 3091?
True
Does 43 divide 989?
True
Is 15 a factor of 2619?
False
Is 2051 a multiple of 90?
False
Is 91317 a multiple of 14?
False
Is 27 a factor of 44119?
False
Is 15680 a multiple of 80?
True
Is 352 a multiple of 6?
False
Does 22 divide 61336?
True
Does 7 divide 27118?
True
Is 1508 a multiple of 31?
False
Does 49 divide 245?
True
Is 3900 a multiple of 39?
True
Does 14 divide 7462?
True
Does 69 divide 6376?
False
Is 536 a multiple of 10?
False
Does 30 divide 6570?
True
Is 56 a factor of 560?
True
Does 38 divide 2668?
False
Is 14761 a multiple of 29?
True
Does 68 divide 2994?
False
Is 8265 a multiple of 19?
True
Is 1344 a multiple of 7?
True
Is 57995 a multiple of 35?
True
Is 6 a factor of 9420?
True
Is 1365 a multiple of 21?
True
Does 6 divide 492?
True
Does 57 divide 798?
True
Does 29 divide 31668?
True
Does 12 divide 2796?
True
Does 5 divide 108?
False
Is 14 a factor of 1204?
True
Is 309 a multiple of 3?
True
Is 1656 a multiple of 10?
False
Does 6 divide 882?
True
Is 780 a multiple of 13?
True
Is 163 a multiple of 5?
False
Is 409 a multiple of 24?
False
Is 1348 a multiple of 4?
True
Does 13 divide 2379?
True
Is 84 a multiple of 6?
True
Does 25 divide 37696?
False
Is 4 a factor of 34?
False
Does 36 divide 25056?
True
Is 693 a multiple of 10?
False
Does 68 divide 517?
False
Does 13 divide 12220?
True
Does 9 divide 138?
False
Is 23 a factor of 1106?
False
Is 9 a factor of 28770?
False
Does 12 divide 624?
True
Is 4 a factor of 2140?
True
Is 90 a factor of 3150?
True
Is 655 a multiple of 23?
False
Is 16100 a multiple of 40?
False
Does 166 divide 4451?
False
Is 370 a factor of 59200?
True
Is 288 a multiple of 5?
False
Is 12 a factor of 58776?
True
Does 16 divide 9891?
False
Is 2212 a multiple of 22?
False
Does 94 divide 1786?
True
Does 26 divide 884?
True
Does 9 divide 79713?
True
Does 9 divide 41210?
False
Does 28 divide 37106?
False
Is 903 a multiple of 6?
False
Is 759 a multiple of 23?
True
Is 15 a multiple of 2?
False
Is 61 a factor of 2745?
True
Does 65 divide 7670?
True
Is 20775 a multiple of 5?
True
Is 49 a factor of 5390?
True
Does 19 divide 2526?
False
Is 67 a factor of 168?
False
Does 29 divide 2467?
False
Does 14 divide 86?
False
Does 30 divide 900?
True
Is 53319 a multiple of 21?
True
Is 841 a multiple of 15?
False
Is 55 a factor of 28291?
False
Is 20 a multiple of 13?
False
Is 14219 a multiple of 32?
False
Is 10 a factor of 19421?
False
Is 32 a factor of 12115?
False
Does 11 divide 1128?
False
Does 52 divide 36777?
False
Is 11869 a multiple of 34?
False
Is 333 a factor of 83277?
False
Does 29 divide 28217?
True
Is 30485 a multiple of 13?
True
Is 2106 a multiple of 13?
True
Is 207 a factor of 5175?
True
Is 1774 a multiple of 7?
False
Does 31 divide 496?
True
Does 33 divide 1218?
False
Is 175 a multiple of 23?
False
Is 13 a factor of 717?
False
Is 1392 a multiple of 48?
True
Is 237 a multiple of 10?
False
Is 2469 a multiple of 40?
False
Is 1224 a multiple of 36?
True
Is 1380 a multiple of 20?
True
Is 3 a factor of 1714?
False
Is 9763 a multiple of 66?
False
Is 36660 a multiple of 52?
True
Is 54 a factor of 594?
True
Is 105 a multiple of 15?
True
Is 106 a factor of 3171?
False
Is 82 a factor of 2624?
True
Does 34 divide 1564?
True
Is 86 even?
True
Is 16960 a multiple of 11?
False
Is 28609 a multiple of 95?
False
Is 570 a multiple of 49?
False
Is 286 a factor of 91110?
False
Does 8 divide 189?
False
Is 22 a factor of 3505?
False
Is 26254 a multiple of 80?
False
Does 8 divide 240?
True
Is 986 a multiple of 24?
False
Is 4 a factor of 468?
True
Does 9 divide 1656?
True
Is 1680 a multiple of 15?
True
Does 20 divide 2200?
True
Is 99 a factor of 15048?
True
Is 53 a factor of 33034?
False
Does 7 divide 1402?
False
Is 40 a factor of 3553?
False
Is 15 a factor of 1755?
True
Is 30 a factor of 1198?
False
Does 32 divide 320?
True
Is 2414 a multiple of 17?
True
Is 62700 a multiple of 25?
True
Is 28 a factor of 1428?
True
Is 6 a factor of 72?
True
Does 5 divide 3990?
True
Does 54 divide 5778?
True
Is 6 a factor of 195?
False
Is 12 a factor of 47081?
False
Does 5 divide 1910?
True
Is 177 a factor of 57702?
True
Is 11 a factor of 313?
False
Is 351 a multiple of 5?
False
Is 130 a factor of 2340?
True
Is 3135 a multiple of 15?
True
Is 11 a factor of 770?
True
Is 1700 a multiple of 98?
False
Is 15 a factor of 3311?
False
Is 1032 a multiple of 24?
True
Is 1291 a multiple of 78?
False
Is 141 a multiple of 41?
False
Does 27 divide 3267?
True
Is 19 a factor of 6745?
True
Does 17 divide 1653?
False
Does 97 divide 31993?
False
Does 5 divide 16280?
True
Does 43 divide 28165?
True
Does 42 divide 1764?
True
Does 44 divide 165?
False
Is 33452 a multiple of 156?
False
Does 14 divide 1134?
True
Does 21 divide 27504?
False
Does 35 divide 2660?
True
Is 4 a factor of 273?
False
Is 17 a factor of 51?
True
Does 22 divide 3168?
True
Does 100 divide 1400?
True
Is 13680 a multiple of 20?
True
Is 34 a factor of 10965?
False
Is 39 a factor of 46685?
False
Is 3 a factor of 459?
Tr